{"id":271,"date":"2021-03-06T14:25:34","date_gmt":"2021-03-06T13:25:34","guid":{"rendered":"https:\/\/eglise-orthodoxe-autocephale-syro-antiochienne.eu\/?page_id=271"},"modified":"2023-04-24T17:50:29","modified_gmt":"2023-04-24T15:50:29","slug":"succession-apostolique-2","status":"publish","type":"page","link":"https:\/\/eglise-orthodoxe-autocephale-syro-antiochienne.eu\/?page_id=271","title":{"rendered":"SUCCESSION APOSTOLIQUE"},"content":{"rendered":"<div class=\"wp-block-image\">\n<figure class=\"aligncenter size-large is-resized\"><img loading=\"lazy\" decoding=\"async\" src=\"https:\/\/eglise-orthodoxe-autocephale-syro-antiochienne.eu\/wp-content\/uploads\/2021\/03\/image-23-589x1024.png\" alt=\"\" class=\"wp-image-280\" width=\"580\" height=\"1008\" srcset=\"https:\/\/eglise-orthodoxe-autocephale-syro-antiochienne.eu\/wp-content\/uploads\/2021\/03\/image-23-589x1024.png 589w, https:\/\/eglise-orthodoxe-autocephale-syro-antiochienne.eu\/wp-content\/uploads\/2021\/03\/image-23-173x300.png 173w, https:\/\/eglise-orthodoxe-autocephale-syro-antiochienne.eu\/wp-content\/uploads\/2021\/03\/image-23-768x1335.png 768w, https:\/\/eglise-orthodoxe-autocephale-syro-antiochienne.eu\/wp-content\/uploads\/2021\/03\/image-23-884x1536.png 884w, https:\/\/eglise-orthodoxe-autocephale-syro-antiochienne.eu\/wp-content\/uploads\/2021\/03\/image-23-1179x2048.png 1179w, https:\/\/eglise-orthodoxe-autocephale-syro-antiochienne.eu\/wp-content\/uploads\/2021\/03\/image-23.png 1956w\" sizes=\"auto, (max-width: 580px) 100vw, 580px\" \/><\/figure>\n<\/div>\n\n<div class=\"wp-block-image\">\n<figure class=\"aligncenter size-large\"><img loading=\"lazy\" decoding=\"async\" width=\"700\" height=\"1024\" src=\"https:\/\/eglise-orthodoxe-autocephale-syro-antiochienne.eu\/wp-content\/uploads\/2021\/03\/image-24-700x1024.png\" alt=\"\" class=\"wp-image-281\" srcset=\"https:\/\/eglise-orthodoxe-autocephale-syro-antiochienne.eu\/wp-content\/uploads\/2021\/03\/image-24-700x1024.png 700w, https:\/\/eglise-orthodoxe-autocephale-syro-antiochienne.eu\/wp-content\/uploads\/2021\/03\/image-24-205x300.png 205w, https:\/\/eglise-orthodoxe-autocephale-syro-antiochienne.eu\/wp-content\/uploads\/2021\/03\/image-24-768x1124.png 768w, https:\/\/eglise-orthodoxe-autocephale-syro-antiochienne.eu\/wp-content\/uploads\/2021\/03\/image-24-1050x1536.png 1050w, https:\/\/eglise-orthodoxe-autocephale-syro-antiochienne.eu\/wp-content\/uploads\/2021\/03\/image-24-1400x2048.png 1400w\" sizes=\"auto, (max-width: 700px) 100vw, 700px\" \/><figcaption class=\"wp-element-caption\"><strong>Le 11 mars 2017 Monseigneur Dominique MAIO a \u00e9t\u00e9 nomm\u00e9 2\u00b0 EXARQUE DE FRANCE &#8211; CAMEROUN &#8211; AFRIQUE  par Monseigneur Efrem Carm\u00e9lo Lima Doyens et Monseigneur Jacques Phillipe Brignola repr\u00e9sentant de la mission syro-antiochienne d&rsquo;Italie \u00e0 la Chapelle Notre Dame des Anes \u00e0 Mazirat ( Allier )<\/strong><\/figcaption><\/figure>\n<\/div>\n\n\n<p><\/p>\n","protected":false},"excerpt":{"rendered":"","protected":false},"author":2,"featured_media":0,"parent":0,"menu_order":0,"comment_status":"closed","ping_status":"closed","template":"","meta":{"footnotes":""},"class_list":["post-271","page","type-page","status-publish","hentry"],"_links":{"self":[{"href":"https:\/\/eglise-orthodoxe-autocephale-syro-antiochienne.eu\/index.php?rest_route=\/wp\/v2\/pages\/271","targetHints":{"allow":["GET"]}}],"collection":[{"href":"https:\/\/eglise-orthodoxe-autocephale-syro-antiochienne.eu\/index.php?rest_route=\/wp\/v2\/pages"}],"about":[{"href":"https:\/\/eglise-orthodoxe-autocephale-syro-antiochienne.eu\/index.php?rest_route=\/wp\/v2\/types\/page"}],"author":[{"embeddable":true,"href":"https:\/\/eglise-orthodoxe-autocephale-syro-antiochienne.eu\/index.php?rest_route=\/wp\/v2\/users\/2"}],"replies":[{"embeddable":true,"href":"https:\/\/eglise-orthodoxe-autocephale-syro-antiochienne.eu\/index.php?rest_route=%2Fwp%2Fv2%2Fcomments&post=271"}],"version-history":[{"count":6,"href":"https:\/\/eglise-orthodoxe-autocephale-syro-antiochienne.eu\/index.php?rest_route=\/wp\/v2\/pages\/271\/revisions"}],"predecessor-version":[{"id":704,"href":"https:\/\/eglise-orthodoxe-autocephale-syro-antiochienne.eu\/index.php?rest_route=\/wp\/v2\/pages\/271\/revisions\/704"}],"wp:attachment":[{"href":"https:\/\/eglise-orthodoxe-autocephale-syro-antiochienne.eu\/index.php?rest_route=%2Fwp%2Fv2%2Fmedia&parent=271"}],"curies":[{"name":"wp","href":"https:\/\/api.w.org\/{rel}","templated":true}]}}

<div class="wp-block-image">
<figure class="aligncenter size-large is-resized"><img loading="lazy" decoding="async" src="https://eglise-orthodoxe-autocephale-syro-antiochienne.eu/wp-content/uploads/2021/03/image-23-589x1024.png" alt="" class="wp-image-280" width="580" height="1008" srcset="https://eglise-orthodoxe-autocephale-syro-antiochienne.eu/wp-content/uploads/2021/03/image-23-589x1024.png 589w, https://eglise-orthodoxe-autocephale-syro-antiochienne.eu/wp-content/uploads/2021/03/image-23-173x300.png 173w, https://eglise-orthodoxe-autocephale-syro-antiochienne.eu/wp-content/uploads/2021/03/image-23-768x1335.png 768w, https://eglise-orthodoxe-autocephale-syro-antiochienne.eu/wp-content/uploads/2021/03/image-23-884x1536.png 884w, https://eglise-orthodoxe-autocephale-syro-antiochienne.eu/wp-content/uploads/2021/03/image-23-1179x2048.png 1179w, https://eglise-orthodoxe-autocephale-syro-antiochienne.eu/wp-content/uploads/2021/03/image-23.png 1956w" sizes="auto, (max-width: 580px) 100vw, 580px" /></figure>
</div>

<div class="wp-block-image">
<figure class="aligncenter size-large"><img loading="lazy" decoding="async" width="700" height="1024" src="https://eglise-orthodoxe-autocephale-syro-antiochienne.eu/wp-content/uploads/2021/03/image-24-700x1024.png" alt="" class="wp-image-281" srcset="https://eglise-orthodoxe-autocephale-syro-antiochienne.eu/wp-content/uploads/2021/03/image-24-700x1024.png 700w, https://eglise-orthodoxe-autocephale-syro-antiochienne.eu/wp-content/uploads/2021/03/image-24-205x300.png 205w, https://eglise-orthodoxe-autocephale-syro-antiochienne.eu/wp-content/uploads/2021/03/image-24-768x1124.png 768w, https://eglise-orthodoxe-autocephale-syro-antiochienne.eu/wp-content/uploads/2021/03/image-24-1050x1536.png 1050w, https://eglise-orthodoxe-autocephale-syro-antiochienne.eu/wp-content/uploads/2021/03/image-24-1400x2048.png 1400w" sizes="auto, (max-width: 700px) 100vw, 700px" /><figcaption class="wp-element-caption"><strong>Le 11 mars 2017 Monseigneur Dominique MAIO a été nommé 2° EXARQUE DE FRANCE &#8211; CAMEROUN &#8211; AFRIQUE  par Monseigneur Efrem Carmélo Lima Doyens et Monseigneur Jacques Phillipe Brignola représentant de la mission syro-antiochienne d&rsquo;Italie à la Chapelle Notre Dame des Anes à Mazirat ( Allier )</strong></figcaption></figure>
</div>


<p></p>
