{"id":302,"date":"2021-03-08T16:40:17","date_gmt":"2021-03-08T15:40:17","guid":{"rendered":"https:\/\/eglise-orthodoxe-autocephale-syro-antiochienne.eu\/?page_id=302"},"modified":"2024-12-15T15:46:54","modified_gmt":"2024-12-15T14:46:54","slug":"lexorcisme-dans-les-divers-religions-2","status":"publish","type":"page","link":"https:\/\/eglise-orthodoxe-autocephale-syro-antiochienne.eu\/?page_id=302","title":{"rendered":"L&rsquo;EXORCISME DANS LES DIFF\u00c9RENTES RELIGIONS"},"content":{"rendered":"\n<p class=\"has-text-align-center\"><strong>CONTACT DE NOS PR\u00caTRES EXORCISTE  : <\/strong><\/p>\n\n\n\n<p class=\"has-text-align-center\"><strong> FRANCE  P\u00e8re DOMINIQUE 07 51 87 87 72<\/strong>  <\/p>\n\n\n\n<p class=\"has-text-align-center\"> <strong>CAMEROUN MONSEIGNEUR MAGLOIRE +237 777 931 27<\/strong><\/p>\n\n\n\n<p class=\"has-text-align-center\">  <strong>GABON P\u00e8re Herv\u00e9 + 241 078 101 20<\/strong><\/p>\n\n\n\n<p class=\"has-text-align-center\"><\/p>\n\n\n\n<p><\/p>\n\n\n\n<figure class=\"wp-block-image size-large is-resized\"><img loading=\"lazy\" decoding=\"async\" width=\"412\" height=\"1024\" src=\"https:\/\/eglise-orthodoxe-autocephale-syro-antiochienne.eu\/wp-content\/uploads\/2021\/03\/image-28-412x1024.png\" alt=\"\" class=\"wp-image-303\" style=\"width:910px;height:2262px\" srcset=\"https:\/\/eglise-orthodoxe-autocephale-syro-antiochienne.eu\/wp-content\/uploads\/2021\/03\/image-28-412x1024.png 412w, https:\/\/eglise-orthodoxe-autocephale-syro-antiochienne.eu\/wp-content\/uploads\/2021\/03\/image-28-121x300.png 121w, https:\/\/eglise-orthodoxe-autocephale-syro-antiochienne.eu\/wp-content\/uploads\/2021\/03\/image-28.png 643w\" sizes=\"auto, (max-width: 412px) 100vw, 412px\" \/><\/figure>\n\n\n\n<p>Par ALIENOR GOUDET<\/p>\n\n\n\n<p class=\"has-text-align-center\">Satan, le Malin, Belz\u00e9buth\u2026 les noms donn\u00e9s<br>au diable<br>Satan, Lucifer, le tentateur\u2026 L\u2019ennemi des<br>hommes est connu sous bien des noms.<br>Chacun d\u2019eux fait r\u00e9f\u00e9rence \u00e0 une<br>caract\u00e9ristique de l\u2019ange d\u00e9chu.<br>La plupart des noms que l\u2019on emploie pour<br>d\u00e9signer le diable se trouvent dans la Bible.<br>D\u2019autres se sont ajout\u00e9s dans la culture<br>chr\u00e9tienne et litt\u00e9raire au fil des si\u00e8cles. Leurs<br>\u00e9tymologies d\u00e9voilent divers aspects de la<br>cr\u00e9ature malfaisante qui jalouse les hommes.<br>D\u00e9couvrez le diable dans ses moindres d\u00e9tails.<\/p>\n\n\n\n<p class=\"has-text-align-center\"><br><strong>1 \u2022 SATAN<\/strong><br>Ce nom a des origines grecque et h\u00e9breuse. Il<br>signifie \u00ab adversaire \u00bb ou \u00ab accusateur \u00bb. Satan<br>est l\u2019adversaire des hommes, car c\u2019est celui<br>que l\u2019on combat. Il est \u00e9galement accusateur<br>car il accuse les hommes devant Dieu, les<br>consid\u00e9rant<\/p>\n\n\n\n<p class=\"has-text-align-center\">comme cr\u00e9atures inf\u00e9rieures \u00e0 lui.<br>Le jour o\u00f9 les fils de Dieu se rendaient \u00e0<br>l\u2019audience du Seigneur, le Satan, l\u2019Adversaire,<br>lui aussi, vint parmi eux. (Jb 1, 6)<\/p>\n\n\n\n<p class=\"has-text-align-center\"><br><strong>2 \u2022 LUCIFER<\/strong><br>Le diable \u00e9tait le plus beau des anges. Puis il<br>s\u2019est rebell\u00e9 contre Dieu. Lucifer signifie \u00ab \u00e9toile<br>du matin \u00bb ou \u00ab porteur de lumi\u00e8re \u00bb. H\u00e9las, sa<br>jalousie envers les hommes l\u2019en a rendu<br>indigne.<br>Tu es tomb\u00e9 du ciel, astre brillant, fils de<br>l\u2019aurore ! Tu es renvers\u00e9 \u00e0 terre, toi qui faisais<br>ployer les nations [\u2026] (Is 14, 12)<\/p>\n\n\n\n<p class=\"has-text-align-center\"><br><strong>3 \u2022 LE DIABLE<\/strong><br>Issu du verbe grec qui signifie calomnier, le \u00ab<br>diable \u00bb est celui qui s\u00e9pare, le diviseur. Ce<br>nom refl\u00e8te le d\u00e9sir du diable de diviser<br>l\u2019humanit\u00e9 et d\u2019entretenir la discorde au sein de<br>celle-ci. Car Dieu demande est l\u2019unit\u00e9 des<br>hommes.<\/p>\n\n\n\n<p class=\"has-text-align-center\">Alors J\u00e9sus fut conduit au d\u00e9sert par l\u2019Esprit<br>pour \u00eatre tent\u00e9 par le diable. (Mt 4, 1)<\/p>\n\n\n\n<p class=\"has-text-align-center\"><br><strong>4 \u2022 LE TENTATEUR<\/strong><br>Ce nom-l\u00e0 d\u00e9nonce l\u2019un des stratag\u00e8mes<br>favoris du diable pour faire tomber l\u2019homme<br>dans le p\u00e9ch\u00e9. En l\u2019attirant \u00e0 l\u2019\u00e9go\u00efsme et la<br>d\u00e9mesure, il esp\u00e8re mener l\u2019humanit\u00e9 \u00e0 sa<br>perte. Le diable sait se servir des faiblesses<br>d\u2019autrui.<br>Le tentateur s\u2019approcha et lui dit : \u00ab Si tu es Fils<br>de Dieu, ordonne que ces pierres deviennent<br>des pains. \u00bb (Mt 4, 3)<\/p>\n\n\n\n<p class=\"has-text-align-center\"><br><strong>5 \u2022 LE D\u00c9MON<\/strong><br>Ce nom ne s\u2019applique pas uniquement au<br>diable mais tout esprit malfaisant. Cela signifie<br>tout simplement \u00ab mauvais esprit \u00bb.<br>J\u00e9sus mena\u00e7a le d\u00e9mon, et il sortit de lui. \u00c0<br>l\u2019heure m\u00eame, l\u2019enfant fut gu\u00e9ri. (Mt 17, 18)<\/p>\n\n\n\n<p class=\"has-text-align-center\"><br><strong>6 \u2022 LE MALIN<\/strong><\/p>\n\n\n\n<p class=\"has-text-align-center\">Aujourd\u2019hui, ce terme peut \u00eatre utilis\u00e9 comme<br>un compliment, mais son origine n\u2019est pas tr\u00e8s<br>flatteuse. Le malin est celui qui engendre le mal<br>et utilise la ruse. On d\u00e9crit le diable comme un<br>\u00eatre sournois qui emploie des m\u00e9thodes de<br>couard pour parvenir \u00e0 ses fins.<\/p>\n\n\n\n<p class=\"has-text-align-center\"><br><strong>7 \u2022 BELZ\u00c9BUTH<\/strong><br>\u00c0 l\u2019origine, Belz\u00e9buth ou B\u00e9elz\u00e9boul est une<br>divinit\u00e9 mal\u00e9fique \u00e0 l\u2019apparence d\u2019un insecte<br>g\u00e9ant. Elle n\u2019a pas n\u00e9cessairement de lien avec<br>Satan. Mais il arrive que l\u2019on fasse r\u00e9f\u00e9rence au<br>prince des t\u00e9n\u00e8bres par ce nom aussi. Il signifie<br>\u00ab le seigneur des mouches. \u00bb Ce titre, quelque<br>peu moqueur, d\u00e9nonce la m\u00e9diocrit\u00e9 de la<br>puissance du diable face \u00e0 celle de Dieu. Il<br>n\u2019est Seigneur que des mouches.<\/p>\n\n\n\n<p class=\"has-text-align-center\">Les scribes, qui \u00e9taient descendus de<br>J\u00e9rusalem, disaient : \u00ab Il est poss\u00e9d\u00e9 par<\/p>\n\n\n\n<p class=\"has-text-align-center\">B\u00e9elz\u00e9boul ; c\u2019est par le chef des d\u00e9mons qu\u2019il<br>expulse les d\u00e9mons. \u00bb (Mc 3, 22)<\/p>\n\n\n\n<p class=\"has-text-align-center\"><strong>8 \u2022 LA B\u00caTE<\/strong><br>Dans l\u2019art, le diable est souvent repr\u00e9sent\u00e9 par<br>des animaux f\u00e9roces pour illustrer ses qualit\u00e9s<br>macabres. Le serpent (Gn 3, 1) tapis dans<br>l\u2019ombre murmure et trompe. Le lion (Ps 9B, 9)<br>s\u2019attaque aux faibles. Et le dragon (Ap 12, 7)<br>br\u00fble et d\u00e9cime tout sur son passage. L\u2019image<br>de la b\u00eate projette en l\u2019homme la crainte d\u2019un<br>monstre. Un monstre qui pourtant se fait<br>minuscule lorsqu\u2019il entend le nom de Dieu.<br>Le premier partit et r\u00e9pandit sa coupe sur la<br>terre : il y eut un ulc\u00e8re malin et pernicieux sur<br>les hommes qui portaient la marque de la B\u00eate,<br>et sur ceux qui se prosternaient devant son<br>image. (Ap 16, 2)<\/p>\n\n\n\n<p><\/p>\n\n\n\n<p class=\"has-text-align-center\"><strong>Par ALIENOR GOUDET<\/strong><\/p>\n\n\n\n<p class=\"has-text-align-center\"><strong>4 Novembre 2021<\/strong><\/p>\n\n\n\n<p class=\"has-text-align-center\">Non, Satan n\u2019est pas un \u00ab dieu mal\u00e9fique \u00bb qui<br>rivalise avec Dieu<br>Beaucoup imaginent que le diable est un rival<br>de Dieu lui-m\u00eame. Pourtant, il ne s&rsquo;agit que<br>d&rsquo;une cr\u00e9ature au pouvoir limit\u00e9.<\/p>\n\n\n\n<p class=\"has-text-align-center\"><br><strong>Par PHILIP KOSLOSKI<br>27 Septembre 2021<\/strong><\/p>\n\n\n\n<p class=\"has-text-align-center\">Certaines traditions religieuses dans le monde<br>soutiennent l\u2019existence de deux entit\u00e9s<br>puissantes. Selon elles, il existe un dieu bon et<br>un dieu mal\u00e9fique. Et l\u2019affrontement de ces<br>deux divinit\u00e9s rivales affecterait le monde des<br>hommes. Malheureusement, cette croyance<br>s\u2019est souvent r\u00e9pandue dans le christianisme,<br>de sorte que Satan dispose pour certains d\u2019un<br>statut semblable \u00e0 Dieu. Des chr\u00e9tiens croient<br>en cons\u00e9quence que le<\/p>\n\n\n\n<p class=\"has-text-align-center\">diable est capable de rivaliser avec Dieu\u2026<br>Rien n\u2019est plus faux. L\u2019\u00c9glise catholique d\u00e9fend<br>depuis toujours que le diable est une cr\u00e9ature<br>alors que Dieu est Cr\u00e9ateur. C\u2019est Lui qui a<br>cr\u00e9\u00e9 Lucifer comme un ange bon et c\u2019est ce<br>dernier qui a choisi de se rebeller pour choisir la<br>haine et l\u2019isolement plut\u00f4t que l\u2019union avec<br>Dieu.<\/p>\n\n\n\n<p class=\"has-text-align-center\">L\u2019\u00c9criture et la Tradition de l\u2019\u00c9glise voient en<br>cet \u00eatre un ange d\u00e9chu, appel\u00e9 Satan ou<br>diable. L\u2019\u00c9glise enseigne qu\u2019il a \u00e9t\u00e9 d\u2019abord un<br>ange bon, fait par Dieu. Le diable et les autres<br>d\u00e9mons ont certes \u00e9t\u00e9 cr\u00e9\u00e9s par Dieu<br>naturellement bons, mais c\u2019est eux qui se sont<br>rendus mauvais<\/p>\n\n\n\n<p class=\"has-text-align-center\">Satan, cr\u00e9ature<br>Il est important de noter que Satan est un \u00eatre<br>cr\u00e9\u00e9 qui a re\u00e7u son existence de Dieu. Il<br>d\u00e9pend de Dieu qui lui a donn\u00e9 la libert\u00e9<\/p>\n\n\n\n<p class=\"has-text-align-center\">de Le rejeter, Lui et ses desseins. Cela signifie<br>que Satan a un pouvoir limit\u00e9, qui lui est donn\u00e9<br>par Dieu.<\/p>\n\n\n\n<p class=\"has-text-align-center\">La puissance de Satan n\u2019est cependant pas<br>infinie. Il n\u2019est qu\u2019une cr\u00e9ature, puissante du fait<br>qu\u2019il est pur esprit, mais toujours une cr\u00e9ature :<br>il ne peut emp\u00eacher l\u2019\u00e9dification du R\u00e8gne de<br>Dieu. Quoique Satan agisse dans le monde par<br>haine contre Dieu et son Royaume en J\u00e9sus-<br>Christ, et quoique son action cause de graves<br>dommages \u2013 de nature spirituelle et<br>indirectement m\u00eame de nature physique \u2013 pour<br>chaque homme et pour la soci\u00e9t\u00e9, cette action<br>est permise par la divine Providence qui avec<br>force et douceur dirige l\u2019histoire de l\u2019homme et<br>du monde. La permission divine de l\u2019activit\u00e9<br>diabolique est un grand myst\u00e8re, mais \u00bb nous<br>savons que Dieu fait tout concourir<\/p>\n\n\n\n<p class=\"has-text-align-center\">au bien de ceux qui l\u2019aiment \u00ab .<\/p>\n\n\n\n<p class=\"has-text-align-center\">Si Dieu laisse \u00e0 Satan une certaine libert\u00e9 pour<br>faire des ravages dans le monde, Il le fait en<br>vue de Son plan pour l\u2019humanit\u00e9. Les hommes<br>peuvent difficilement comprendre le dessein de<br>Dieu. Mais tout sera r\u00e9v\u00e9l\u00e9 \u00e0 la fin des temps,<br>o\u00f9 m\u00eame les actes de Satan prendront un<br>certain sens.<\/p>\n\n\n\n<p class=\"has-text-align-center\">Le diable est une cr\u00e9ature imposante, mais il<br>n\u2019est ni Dieu ni rival du Tr\u00e8s-Haut. Si l\u2019on se<br>sent menac\u00e9 par lui, il suffit d\u2019invoquer le nom<br>du Seigneur devant lequel Satan recule<br>toujours.<\/p>\n\n\n\n<p class=\"has-text-align-center\"><strong>Cette pri\u00e8re que le diable d\u00e9teste<br>Par PHILIP KOSLOSKI<br>21 Mars 2018<\/strong><\/p>\n\n\n\n<p class=\"has-text-align-center\">Quand il entend cette pri\u00e8re, Satan ne peut que<br>battre en retraite.<br>Satan a les hommes en horreur. Il voue<br>notamment une haine farouche \u00e0 ceux qui<br>prient du plus profond de leur c\u0153ur, surtout s\u2019ils<br>disent une phrase en particulier. Car cette<br>phrase vient contredire celle qu\u2019il aurait dite \u00e0<br>Dieu quand il s\u2019est rebell\u00e9 contre lui.<\/p>\n\n\n\n<p class=\"has-text-align-center\">De nombreux mythes entourent cette r\u00e9bellion<br>contre le Seigneur au d\u00e9but des temps. Cr\u00e9\u00e9<br>comme tous les autres anges pour glorifier et<br>servir le Seigneur, Lucifer, le \u201cporteur de<br>lumi\u00e8re\u201d, aurait d\u00fb Le servir mais s\u2019en est<br>finalement d\u00e9tourner. De nombreux ex\u00e9g\u00e8tes<br>ont vu en ce passage du livre de J\u00e9r\u00e9mie une<br>parfaite illustration de cette scission irr\u00e9versible<br>:<\/p>\n\n\n\n<p class=\"has-text-align-center\">\u201cOui, depuis longtemps tu as bris\u00e9 ton<\/p>\n\n\n\n<p class=\"has-text-align-center\">joug, rompu tes liens. Tu as dit : \u201cJe ne servirai<br>pas !\u201d\u201d (Jr 2, 20)<br>Au XVIIe si\u00e8cle, l\u2019\u00e9crivain anglais John Milton<br>\u00e9crivit un c\u00e9l\u00e8bre po\u00e8me intitul\u00e9 \u201cLe Paradis<br>perdu\u201d, dans lequel il relate la chute de Satan.<br>Dans un vers, il lui fait dire ces paroles latines :<br>Non serviam, \u201cJe ne servirai pas\u201d. La logique<br>veut donc que la pri\u00e8re que le diable d\u00e9teste le<br>plus soit tout simplement l\u2019inverse de cette<br>phrase, \u00e0 savoir : \u201cJe servirai\u201d, serviam. Dans<br>son ouvrage Chemin, saint Josemar\u00eda Escriv\u00e1<br>m\u00e9dite sur cet antagonisme.<\/p>\n\n\n\n<p class=\"has-text-align-center\">Le non serviam de Satan n\u2019a \u00e9t\u00e9 que trop<br>f\u00e9cond. Ne te sens\u2212tu pas g\u00e9n\u00e9reusement<br>pouss\u00e9 \u00e0 dire chaque jour, d\u00e9cid\u00e9 \u00e0 prier et \u00e0<br>agir, un serviam, \u201cje te servirai, je serai fid\u00e8le !\u201d<br>qui d\u00e9passe en f\u00e9condit\u00e9 son cri de r\u00e9bellion ?<\/p>\n\n\n\n<p class=\"has-text-align-center\">De nombreuses personnes \u00e0 travers le monde<br>entament leur journ\u00e9e en disant cette courte<br>pri\u00e8re du serviam, vouant ainsi leur journ\u00e9e et<br>leur vie enti\u00e8re \u00e0 Dieu. C\u2019est une pri\u00e8re du<br>c\u0153ur, qui vient contrecarrer le non serviam de<br>Satan. \u00c0 l\u2019image de la pri\u00e8re de J\u00e9sus, tr\u00e8s<br>populaire chez les chr\u00e9tiens d\u2019Orient (\u201cSeigneur<br>J\u00e9sus Christ, Fils de Dieu, aie piti\u00e9 de moi<br>p\u00e9cheur\u201d), elle tient en une phrase que l\u2019on peut<br>r\u00e9p\u00e9ter \u00e0 de nombreuses reprises tout au long<br>de la journ\u00e9e, plus particuli\u00e8rement quand on<br>est soumis \u00e0 une tentation. On peut alors<br>ajouter : \u201cJe servirai Dieu\u201d.<\/p>\n\n\n\n<p class=\"has-text-align-center\">Cette phrase n\u2019est pas sans rappeler les<br>paroles de la Vierge Marie en r\u00e9ponse \u00e0 l\u2019ange<br>Gabriel<\/p>\n\n\n\n<p class=\"has-text-align-center\">lors de l\u2019Annonciation : \u201cVoici la<br>servante du Seigneur ; que tout m\u2019advienne<br>selon ta parole.\u201d (Lc 1, 38) Ce<\/p>\n\n\n\n<p class=\"has-text-align-center\">simple fait, cette disponibilit\u00e9 totale pour le<br>Seigneur, font que Satan a la Vierge Marie en<br>horreur, comme en t\u00e9moignent ces dialogues<br>qu\u2019il a eu avec le p\u00e8re Gabriele Amorth, ancien<br>exorciste au Vatican.<\/p>\n\n\n\n<p class=\"has-text-align-center\">P\u00e8re Amorth : \u201cQuelles sont les vertus de la<br>Madone qui te font le plus enrager ?\u201d<br>Satan : \u201cElle me met en col\u00e8re parce qu\u2019elle est<br>la plus humble de toutes les cr\u00e9atures et parce<br>que je suis le plus orgueilleux. Parce qu\u2019elle est<br>la plus pure de toutes les cr\u00e9atures et que je ne<br>le suis pas. Parce qu\u2019elle est la plus ob\u00e9issante<br>\u00e0 Dieu et moi, je suis le rebelle !\u201d<\/p>\n\n\n\n<p class=\"has-text-align-center\">Servir Dieu, voil\u00e0 la vraie vocation de toute vie<br>chr\u00e9tienne, comme l\u2019explique J\u00e9sus lui-m\u00eame<br>dans les \u00c9vangiles :<\/p>\n\n\n\n<p class=\"has-text-align-center\">\u201cSi quelqu\u2019un veut me servir, qu\u2019il me suive ; et<br>l\u00e0 o\u00f9 moi je suis, l\u00e0 aussi sera mon serviteur. Si<br>quelqu\u2019un me sert, mon P\u00e8re l\u2019honorera.\u201d (Jn<br>12,26) <\/p>\n\n\n\n<p class=\"has-text-align-center\">La prochaine fois que vous chercherez une<br>pri\u00e8re permettant de montrer votre loyaut\u00e9 sans<br>faille au Seigneur et de vous confier \u00e0 sa<br>Providence, dites simplement ces mots : \u201cJe<br>servirai\u201d.<\/p>\n","protected":false},"excerpt":{"rendered":"<p>CONTACT DE NOS PR\u00caTRES EXORCISTE : FRANCE P\u00e8re DOMINIQUE 07 51 87 87 72 CAMEROUN MONSEIGNEUR MAGLOIRE +237 777 931 27 GABON P\u00e8re Herv\u00e9 + 241 078 101 20 Par ALIENOR GOUDET Satan, le Malin, Belz\u00e9buth\u2026 les noms donn\u00e9sau diableSatan, Lucifer, le tentateur\u2026 L\u2019ennemi deshommes est connu sous bien des noms.Chacun d\u2019eux fait r\u00e9f\u00e9rence \u00e0 &hellip; <\/p>\n<p class=\"link-more\"><a href=\"https:\/\/eglise-orthodoxe-autocephale-syro-antiochienne.eu\/?page_id=302\" class=\"more-link\">Continuer la lecture<span class=\"screen-reader-text\"> de &laquo;&nbsp;L&rsquo;EXORCISME DANS LES DIFF\u00c9RENTES RELIGIONS&nbsp;&raquo;<\/span><\/a><\/p>\n","protected":false},"author":2,"featured_media":0,"parent":0,"menu_order":0,"comment_status":"closed","ping_status":"closed","template":"","meta":{"footnotes":""},"class_list":["post-302","page","type-page","status-publish","hentry"],"_links":{"self":[{"href":"https:\/\/eglise-orthodoxe-autocephale-syro-antiochienne.eu\/index.php?rest_route=\/wp\/v2\/pages\/302","targetHints":{"allow":["GET"]}}],"collection":[{"href":"https:\/\/eglise-orthodoxe-autocephale-syro-antiochienne.eu\/index.php?rest_route=\/wp\/v2\/pages"}],"about":[{"href":"https:\/\/eglise-orthodoxe-autocephale-syro-antiochienne.eu\/index.php?rest_route=\/wp\/v2\/types\/page"}],"author":[{"embeddable":true,"href":"https:\/\/eglise-orthodoxe-autocephale-syro-antiochienne.eu\/index.php?rest_route=\/wp\/v2\/users\/2"}],"replies":[{"embeddable":true,"href":"https:\/\/eglise-orthodoxe-autocephale-syro-antiochienne.eu\/index.php?rest_route=%2Fwp%2Fv2%2Fcomments&post=302"}],"version-history":[{"count":7,"href":"https:\/\/eglise-orthodoxe-autocephale-syro-antiochienne.eu\/index.php?rest_route=\/wp\/v2\/pages\/302\/revisions"}],"predecessor-version":[{"id":896,"href":"https:\/\/eglise-orthodoxe-autocephale-syro-antiochienne.eu\/index.php?rest_route=\/wp\/v2\/pages\/302\/revisions\/896"}],"wp:attachment":[{"href":"https:\/\/eglise-orthodoxe-autocephale-syro-antiochienne.eu\/index.php?rest_route=%2Fwp%2Fv2%2Fmedia&parent=302"}],"curies":[{"name":"wp","href":"https:\/\/api.w.org\/{rel}","templated":true}]}}