{"id":325,"date":"2021-03-16T17:22:43","date_gmt":"2021-03-16T16:22:43","guid":{"rendered":"https:\/\/eglise-orthodoxe-autocephale-syro-antiochienne.eu\/?page_id=325"},"modified":"2023-04-26T16:25:29","modified_gmt":"2023-04-26T14:25:29","slug":"mission-gabon","status":"publish","type":"page","link":"https:\/\/eglise-orthodoxe-autocephale-syro-antiochienne.eu\/?page_id=325","title":{"rendered":"MISSION GABON"},"content":{"rendered":"\n<p>Monseigneur Herv\u00e9 NDONG ESSOMO, responsable du d\u00e9veloppement de la <strong>MISSION ORTHODOXE POUR L\u2019UNION DES CHRETIENS pour le GABON<\/strong><\/p>\n\n\n<div class=\"wp-block-image\">\n<figure class=\"aligncenter size-large is-resized\"><img loading=\"lazy\" decoding=\"async\" src=\"https:\/\/eglise-orthodoxe-autocephale-syro-antiochienne.eu\/wp-content\/uploads\/2023\/04\/IMG-20221226-WA0005-472x1024.jpg\" alt=\"\" class=\"wp-image-639\" width=\"235\" height=\"510\" srcset=\"https:\/\/eglise-orthodoxe-autocephale-syro-antiochienne.eu\/wp-content\/uploads\/2023\/04\/IMG-20221226-WA0005-472x1024.jpg 472w, https:\/\/eglise-orthodoxe-autocephale-syro-antiochienne.eu\/wp-content\/uploads\/2023\/04\/IMG-20221226-WA0005-138x300.jpg 138w, https:\/\/eglise-orthodoxe-autocephale-syro-antiochienne.eu\/wp-content\/uploads\/2023\/04\/IMG-20221226-WA0005.jpg 590w\" sizes=\"auto, (max-width: 235px) 100vw, 235px\" \/><\/figure>\n<\/div>\n\n\n<p><strong>NOTE CANONIQUE N\u00b02019\/12\/01<\/strong><\/p>\n\n\n\n<p>Pour le Triomphe du Sacr\u00e9 C\u0153ur Unis de J\u00e9sus-Christ, DIEU VIVANT, et se tendre M\u00e8re la Vierge Marie M\u00e8re de Dieu, pr\u00e9sent dans la Sainte Eucharistie de la toute sainte Eglise de chr\u00e9tient\u00e9. Par cette pr\u00e9sente note, je remercie et soutient Mgr Efrem Doyen de la Mission syro-antiochienne d&rsquo;Italie, sur la d\u00e9cision de dissoudre purement et simplement le d\u00e9cret de protection canonique faites au Gabon. En effet, il ne peut avoir qu&rsquo;une seule Mission syro-antiochienne pr\u00e9sent en Afrique. Le repr\u00e9sentant canonique actuellement de notre Mission ( Les \u00e9glises autoc\u00e9phale syro-antiochienne d&rsquo;Europe et Missions) est Mgr Herv\u00e9 NDONG ESSONO \u00e9lu Vicaire Episcopal qui est notre repr\u00e9sentant dans ce pays.<strong> Une CONSTITUTION CANONIQUE DES EGLISES SYRO-ANTIOCHIENNE ORTHODOXE AU GABON<\/strong> a \u00e9t\u00e9 d\u00e9poser officiellement aux autorit\u00e9s Gabonais. Dans l&rsquo;ARTICLE I : Il est mentionner que Mgr DOMNIQUE MAIO EXARQUE DE FRANCE &#8211; CAMEROUN &#8211; AFRIQUE CENTRALE, Mgr EFREM LIMA Doyen, Mgr JACQUES PHILIPPE BRIGNOLA et Mgr MAGLOIRE FOE du Cameroun orthodoxe de la Succession Apostolique ALVAREZ, VILATTE, VAN ASSENDELFT, TADDEI, BALOSTRO, BORIS1\u00b0 fondateur de la Mission Orthodoxe pour l&rsquo;Union des Chr\u00e9tiens (Patriarcat des Eglises Autoc\u00e9phales Syro-Antiochienne d&rsquo;Europe et Missions) \u2026. ARTICLE II : Il est d\u00e9fendu \u00e0 toute \u00e9glise ou paroisse et \u00e0 tout citoyen Gabonnais de reconna\u00eetre en aucun cas sous pr\u00e9texte que ce soit l&rsquo;autorit\u00e9 d&rsquo;un \u00e9v\u00eaque ou m\u00e9tropolitain dont le si\u00e8ge serai \u00e9tabli sous la d\u00e9nomination d&rsquo;une \u00e9glise qui pr\u00eatent avoir la m\u00eame Succession Apostolique, ni celle de ses d\u00e9l\u00e9gu\u00e9 r\u00e9sident au Gabon ou ailleurs ; le tout sans pr\u00e9judice de l&rsquo;Unit\u00e9 de FOI et de COMMUNION qui sera entretenue avec les sup\u00e9rieurs de l&rsquo;EGLISE CATHOLIQUE APOSTOLIQUE PRIMITIVE D&rsquo;ANTIOCHE fond\u00e9e en FRANCE en 1957 avec l&rsquo;\u00e9lection de Sa B\u00e9atitude JOHANNAS MARIE BLOM VAN ASSENDELFT comme premier PATRIARCHE. ARTICLE ###IX : Nous sommes r\u00e9gi par le DROIT CYPRIANIQUE.<\/p>\n\n\n\n<p>Soyez toujours aux Pieds de Notre Dame. Amour en Christ.<\/p>\n\n\n\n<p>+++ Mgr DOMINIQUE MAIO EXARQUE DE FRANCE &#8211; CAMEROUN &#8211; AFRIQUE CENTRALE <\/p>\n\n\n\n<p><strong>TITRE I . &#8211; Aucun montant compensatoire et engage leurs responsabilit\u00e9s du fonctionnement du clerg\u00e9.<\/strong><\/p>\n\n\n\n<p><strong>ARTICLE 1<\/strong><br>Toutes d\u00e9cisions et ordinations (cons\u00e9cration) ne peut \u00eatre prises que par notre Synode.<br>Les Tr\u00e8s R\u00e9v\u00e9rends P\u00e8res (Ev\u00eaques) ne peuvent pas faire des ordinations (cons\u00e9crations) sans l&rsquo;approbations de l&rsquo;EXARQUE.<\/p>\n\n\n\n<p><strong>ARTICLE 2<\/strong><br>Les R\u00e9v\u00e9rends P\u00e8res s\u2019engagent dans leur responsabilit\u00e9 du fonctionnement de la Mission Orthodoxe pour l\u2019union des chr\u00e9tiens dans leur pays et n\u2019engage en aucun cas la responsabilit\u00e9 de notre Mission Orthodoxe Pour l\u2019union des chr\u00e9tiens de France et d\u2019Europe &#8211; Cameroun et Afrique.<\/p>\n\n\n\n<p><strong>ARTICLE 3<\/strong><br>Les R\u00e9v\u00e9rends P\u00e8res et les Tr\u00e8s R\u00e9v\u00e9rends P\u00e8res ne peuvent pr\u00e9tendre d\u2019aucune r\u00e9mun\u00e9ration de notre Mission Orthodoxe pour l\u2019union des chr\u00e9tiens France, d\u2018Europe &#8211; Cameroun et Afrique, ils doivent se subvenir par leurs propres moyens par un travail civil comme nous le pr\u00e9conise l\u2019Ap\u00f4tre Saint Paul,<br>Et non sur leur communaut\u00e9 religieuse.<\/p>\n\n\n\n<p><strong>ARTICLE 4<\/strong><br>Le clerg\u00e9 ne peut sans aucun accord de EXARQUE Sa B\u00e9atitude Dominique MAIO de cr\u00e9er ou fond\u00e9 toute association cultuelle.<\/p>\n\n\n\n<p><strong>ARTICLE 5<\/strong><br>Le clerg\u00e9 d\u00e9missionnaire est sous les strictes limites du <strong>DROIT CYPRIANIQUE<\/strong>() en usage habituel dans les Patriarcats Orthodoxes traditionnels. () Selon les Saints Canons :Canon 12 du Premier \u0152cum\u00e9nique Constantinople I, Canon 17 et 27 de Premier Second ; Canons 7 de Gangres ; Canons 16 de Carthage ; Canon 10 du VII \u0152cum\u00e9nique de Nic\u00e9e II et Canon 19 de Sardique. () Le Droit dit Cyprianique a remplac\u00e9 le droit Augustinien qui faisait du pr\u00eatre un \u2018\u2019pr\u00eatre pour l\u2019\u00e9ternit\u00e9\u2019\u2019<br>() Dans l\u2019\u00e9glise Catholique Romaine on parle de \u2018\u2019 r\u00e9duction \u00e0 l\u2019\u00e9tat la\u00efc\u2019\u2019<\/p>\n\n\n\n<p><strong>TITRE II. LA MISSION ORTHODOXE POUR L\u2019UNION DES CHRETIENS AU GABON<\/strong>.<br>M.O.U.C<br>La Bible nous aide \u00e0 comprendre que J\u00e9sus Christ a organis\u00e9 son Eglise avec des Ap\u00f4tres, des Patriarches, des Exarques, des Ev\u00eaques, des pr\u00eatres, des pasteurs, des docteurs et d\u2019autres\u2026<br>Nous sommes une Eglise Orthodoxe pr\u00e9cis\u00e9ment, la MISSION ORTHODOXE POUR LUNION DES CHRETIENS (M.O.U.C) du GABON, du <strong>PATRIACAT DES EGLSIES AUTOCEPHALES SYRO-ANTIOCHIENNES<\/strong>, EXARCHAT de la France et de L\u2019AFRIQUE CENTRALE. Cette communaut\u00e9, la MISSION ORTHODOXE POUR L\u2019UNION DES CHRETIENS, (M.O.U.C), si jeune en Afrique Centrale et aux Cameroun, R\u00e9publique Centrafricaine et Gabon en particulier, qui est un pays de la\u00efcit\u00e9, acceptant la pluralit\u00e9 religieuse ou multiconfessionnelles, portant sur la libert\u00e9 d\u2019association du dit pays. Mais, la MISSION ORTHODOXE POUR L\u2019UNION DES CHRETIENS, est vielle en Europe, reconnue et enregistr\u00e9e en France \u00e0 l\u2019INSEE au num\u00e9ro de la d\u00e9claration D00314671448 sous la responsabilit\u00e9 de l\u2019Exarque Mgr Dominique MAIO, notre sup\u00e9rieur hi\u00e9rarchique direct, successeur de l\u2019Exarque de France Monseigneur BORIS I ; pr\u00e9sente en Italie sous la houlette de Mgr EFREM CARMELO LIMA, doyen de nos Ev\u00eaques.<\/p>\n","protected":false},"excerpt":{"rendered":"<p>Monseigneur Herv\u00e9 NDONG ESSOMO, responsable du d\u00e9veloppement de la MISSION ORTHODOXE POUR L\u2019UNION DES CHRETIENS pour le GABON NOTE CANONIQUE N\u00b02019\/12\/01 Pour le Triomphe du Sacr\u00e9 C\u0153ur Unis de J\u00e9sus-Christ, DIEU VIVANT, et se tendre M\u00e8re la Vierge Marie M\u00e8re de Dieu, pr\u00e9sent dans la Sainte Eucharistie de la toute sainte Eglise de chr\u00e9tient\u00e9. Par &hellip; <\/p>\n<p class=\"link-more\"><a href=\"https:\/\/eglise-orthodoxe-autocephale-syro-antiochienne.eu\/?page_id=325\" class=\"more-link\">Continuer la lecture<span class=\"screen-reader-text\"> de &laquo;&nbsp;MISSION GABON&nbsp;&raquo;<\/span><\/a><\/p>\n","protected":false},"author":2,"featured_media":0,"parent":0,"menu_order":0,"comment_status":"closed","ping_status":"closed","template":"","meta":{"footnotes":""},"class_list":["post-325","page","type-page","status-publish","hentry"],"_links":{"self":[{"href":"https:\/\/eglise-orthodoxe-autocephale-syro-antiochienne.eu\/index.php?rest_route=\/wp\/v2\/pages\/325","targetHints":{"allow":["GET"]}}],"collection":[{"href":"https:\/\/eglise-orthodoxe-autocephale-syro-antiochienne.eu\/index.php?rest_route=\/wp\/v2\/pages"}],"about":[{"href":"https:\/\/eglise-orthodoxe-autocephale-syro-antiochienne.eu\/index.php?rest_route=\/wp\/v2\/types\/page"}],"author":[{"embeddable":true,"href":"https:\/\/eglise-orthodoxe-autocephale-syro-antiochienne.eu\/index.php?rest_route=\/wp\/v2\/users\/2"}],"replies":[{"embeddable":true,"href":"https:\/\/eglise-orthodoxe-autocephale-syro-antiochienne.eu\/index.php?rest_route=%2Fwp%2Fv2%2Fcomments&post=325"}],"version-history":[{"count":7,"href":"https:\/\/eglise-orthodoxe-autocephale-syro-antiochienne.eu\/index.php?rest_route=\/wp\/v2\/pages\/325\/revisions"}],"predecessor-version":[{"id":723,"href":"https:\/\/eglise-orthodoxe-autocephale-syro-antiochienne.eu\/index.php?rest_route=\/wp\/v2\/pages\/325\/revisions\/723"}],"wp:attachment":[{"href":"https:\/\/eglise-orthodoxe-autocephale-syro-antiochienne.eu\/index.php?rest_route=%2Fwp%2Fv2%2Fmedia&parent=325"}],"curies":[{"name":"wp","href":"https:\/\/api.w.org\/{rel}","templated":true}]}}